 divided by 379?
132
What is the remainder when 1410133 is divided by 104?
101
Calculate the remainder when 42089 is divided by 61.
60
Calculate the remainder when 33346 is divided by 2766.
154
What is the remainder when 4960 is divided by 6?
4
What is the remainder when 698149 is divided by 37?
33
Calculate the remainder when 1555 is divided by 850.
705
What is the remainder when 20336 is divided by 234?
212
Calculate the remainder when 104347 is divided by 564.
7
Calculate the remainder when 432448 is divided by 3696.
16
What is the remainder when 320441 is divided by 171?
158
Calculate the remainder when 30440 is divided by 33.
14
Calculate the remainder when 26553 is divided by 736.
57
What is the remainder when 15504 is divided by 1284?
96
Calculate the remainder when 94953 is divided by 2158.
1
What is the remainder when 68300 is divided by 22766?
2
Calculate the remainder when 7897 is divided by 792.
769
Calculate the remainder when 562487 is divided by 69.
68
Calculate the remainder when 411369 is divided by 468.
465
Calculate the remainder when 5376 is divided by 1738.
162
What is the remainder when 17533 is divided by 8762?
9
What is the remainder when 177284 is divided by 88511?
262
Calculate the remainder when 4755673 is divided by 1844.
1841
What is the remainder when 217377 is divided by 673?
671
Calculate the remainder when 3977 is divided by 441.
8
Calculate the remainder when 5422 is divided by 123.
10
Calculate the remainder when 106186 is divided by 126.
94
What is the remainder when 290010 is divided by 36251?
2
What is the remainder when 16133 is divided by 4?
1
What is the remainder when 23388 is divided by 32?
28
What is the remainder when 7761 is divided by 290?
221
Calculate the remainder when 41297 is divided by 218.
95
Calculate the remainder when 178867 is divided by 114.
1
What is the remainder when 261658 is divided by 1422?
10
Calculate the remainder when 87 is divided by 6.
3
What is the remainder when 233708 is divided by 33386?
6
Calculate the remainder when 109567 is divided by 10.
7
What is the remainder when 111142 is divided by 494?
486
Calculate the remainder when 139439 is divided by 8714.
15
What is the remainder when 21512 is divided by 2018?
1332
Calculate the remainder when 2531 is divided by 174.
95
Calculate the remainder when 7561 is divided by 23.
17
Calculate the remainder when 70749 is divided by 3537.
9
What is the remainder when 50729 is divided by 523?
521
What is the remainder when 363837 is divided by 758?
755
What is the remainder when 3803 is divided by 229?
139
Calculate the remainder when 435128 is divided by 73.
48
Calculate the remainder when 19142 is divided by 1367.
4
Calculate the remainder when 40909 is divided by 2860.
869
What is the remainder when 8662 is divided by 190?
112
Calculate the remainder when 30971 is divided by 229.
56
Calculate the remainder when 1869 is divided by 441.
105
What is the remainder when 53934 is divided by 11?
1
Calculate the remainder when 22287 is divided by 22266.
21
Calculate the remainder when 19458 is divided by 442.
10
What is the remainder when 769081 is divided by 1094?
1093
What is the remainder when 13704 is divided by 4545?
69
What is the remainder when 2201 is divided by 501?
197
What is the remainder when 1928 is divided by 80?
8
What is the remainder when 67187 is divided by 6?
5
Calculate the remainder when 4169 is divided by 144.
137
What is the remainder when 116646 is divided by 29149?
50
Calculate the remainder when 715601 is divided by 5.
1
Calculate the remainder when 26625 is divided by 524.
425
What is the remainder when 4894 is divided by 9?
7
Calculate the remainder when 3463 is divided by 149.
36
What is the remainder when 12694 is divided by 386?
342
What is the remainder when 16261 is divided by 641?
236
Calculate the remainder when 729 is divided by 34.
15
What is the remainder when 5213 is divided by 48?
29
Calculate the remainder when 8492 is divided by 192.
44
Calculate the remainder when 9796 is divided by 1628.
28
Calculate the remainder when 1022 is divided by 355.
312
Calculate the remainder when 2166 is divided by 242.
230
Calculate the remainder when 2807 is divided by 918.
53
Calculate the remainder when 25044 is divided by 5008.
4
What is the remainder when 15894 is divided by 147?
18
Calculate the remainder when 59979 is divided by 253.
18
What is the remainder when 44208 is divided by 14?
10
Calculate the remainder when 3249 is divided by 1585.
79
What is the remainder when 9887 is divided by 114?
83
Calculate the remainder when 1245 is divided by 21.
6
Calculate the remainder when 1862 is divided by 1081.
781
What is the remainder when 4343 is divided by 522?
167
What is the remainder when 224 is divided by 116?
108
Calculate the remainder when 1670 is divided by 303.
155
Calculate the remainder when 10577 is divided by 814.
809
What is the remainder when 6343 is divided by 1562?
95
What is the remainder when 21524 is divided by 471?
329
Calculate the remainder when 49945 is divided by 1727.
1589
Calculate the remainder when 469287 is divided by 4740.
27
Calculate the remainder when 36237 is divided by 30.
27
What is the remainder when 88682 is divided by 309?
308
Calculate the remainder when 92787 is divided by 15463.
9
Calculate the remainder when 102229 is divided by 438.
175
What is the remainder when 50279 is divided by 24?
23
Calculate the remainder when 38339 is divided by 69.
44
Calculate the remainder when 12405 is divided by 2478.
15
What is the remainder when 6328 is divided by 1256?
48
What is the remainder when 11625 is divided by 278?
227
What is the remainder when 2003 is divided by 397?
18
Calculate the remainder when 1483 is divided by 88.
75
What is the remainder when 8729 is divided by 236?
233
What is the remainder when 2648 is divided by 642?
80
What is the remainder when 22943 is divided by 30?
23
Calculate the remainder when 596557 is divided by 40.
37
What is the remainder when 1013 is divided by 207?
185
Calculate the remainder when 5590 is divided by 20.
10
Calculate the remainder when 35509 is divided by 301.
292
What is the remainder when 1189 is divided by 298?
295
What is the remainder when 333 is divided by 169?
164
What is the remainder when 13856 is divided by 185?
166
What is the remainder when 3609 is divided by 3583?
26
Calculate the remainder when 299247 is divided by 225.
222
Calculate the remainder when 27809 is divided by 219.
215
What is the remainder when 51018 is divided by 263?
259
Calculate the remainder when 3611 is divided by 3162.
449
Calculate the remainder when 23149 is divided by 5762.
101
Calculate the remainder when 99045 is divided by 33004.
33
What is the remainder when 13871 is divided by 2772?
11
What is the remainder when 597101 is divided by 1133?
10
What is the remainder when 3002367 is divided by 1015?
1012
What is the remainder when 1841352 is divided by 255?
252
Calculate the remainder when 4455 is divided by 1450.
105
Calculate the remainder when 3459 is divided by 117.
66
Calculate the remainder when 3821 is divided by 451.
213
What is the remainder when 4394 is divided by 766?
564
Calculate the remainder when 347756 is divided by 56.
52
Calculate the remainder when 40021 is divided by 10001.
17
Calculate the remainder when 8675 is divided by 126.
107
What is the remainder when 105714 is divided by 72?
18
What is the remainder when 3444 is divided by 347?
321
What is the remainder when 7487 is divided by 7463?
24
Calculate the remainder when 91737 is divided by 19.
5
What is the remainder when 58518 is divided by 50?
18
Calculate the remainder when 10271 is divided by 10134.
137
Calculate the remainder when 256438 is divided by 516.
502
What is the remainder when 24299 is divided by 112?
107
Calculate the remainder when 1420 is divided by 226.
64
What is the remainder when 575880 is divided by 231?
228
What is the remainder when 18622 is divided by 67?
63
Calculate the remainder when 78174 is divided by 219.
210
Calculate the remainder when 22553 is divided by 94.
87
Calculate the remainder when 4878 is divided by 552.
462
What is the remainder when 7645 is divided by 239?
236
What is the remainder when 17652 is divided by 1496?
1196
Calc